{"id":126,"date":"2012-09-04T17:45:53","date_gmt":"2012-09-04T16:45:53","guid":{"rendered":"http:\/\/joves.colectic.coop\/20aniversari\/"},"modified":"2012-09-04T19:51:50","modified_gmt":"2012-09-04T18:51:50","slug":"multimedia","status":"publish","type":"page","link":"https:\/\/joves.colectic.coop\/20aniversari\/multimedia\/","title":{"rendered":"Multim\u00e8dia"},"content":{"rendered":"<p>En aquesta p\u00e0gina trobar\u00e0s alguns v\u00eddeos per con\u00e8ixer millor el Teb:<\/p>\n<p><strong>Qu\u00e8 \u00e9s el Teb?<\/strong><\/p>\n<p style=\"text-align: center\">[stream provider=video   flv=x:\/joves.colectic.coop\/wp-content\/blogs.dir\/1\/files\/2011\/11\/video_teb.flv     img=x:\/joves.colectic.coop\/wp-content\/blogs.dir\/1\/files\/2011\/11\/tele_tebtv_16_9.jpg   embed=false share=false width=540 height=298 dock=true controlbar=over   bandwidth=high autostart=false \/]<\/p>\n<p><strong>Parlen del Teb i del projecte \u00cdtaka a BTV:<\/strong><\/p>\n<p style=\"text-align: center\">[stream flv=x:\/mediateca.ravalnet.org\/jovesteb\/files\/2012\/07\/ITACA.flv img=x:\/mediateca.ravalnet.org\/jovesteb\/files\/2012\/02\/logotebvideoblanc_4x3.jpg embed=true share=true width=540 height=432 autostart=false \/]<\/p>\n<p><strong>No\u00ebl Gonz\u00e1lez i Balbina Del Barrio, treballadors del Teb, expliquen com funciona el Punt \u00d2mnia de l&#8217;entitat:<\/strong><\/p>\n<p style=\"text-align: center\">[youtube width=&#8221;540&#8243; height=&#8221;432&#8243;]http:\/\/www.youtube.com\/watch?v=28BEuv4OmXk&amp;list=UUPDSi2T-TMM_kO7C5kP8y-Q&amp;index=1&amp;feature=plcp[\/youtube]<\/p>\n<p><strong> Reportatge sobre el PQPI de l&#8217;Associaci\u00f3 per a Joves TEB:<\/strong><\/p>\n<p style=\"text-align: center\">[youtube width=&#8221;540&#8243; height=&#8221;432&#8243;]http:\/\/www.youtube.com\/watch?v=vFMLL1Eoq2w&amp;feature=player_embedded[\/youtube]<\/p>\n<p><strong>Entrevista al No\u00ebl i l&#8217;Eva a ComR\u00e0dio sobre l&#8217;experi\u00e8ncia comunit\u00e0ria de recuperaci\u00f3 de les Festes Populars de Carrer:<\/strong><\/p>\n<p><a href=\"http:\/\/joves.colectic.coop\/wp-content\/blogs.dir\/1\/files\/2012\/07\/20120713_entrevista_extraradi_comradio.mp3\">Entrevista sobre les Festes Populars de Carrer al programa &#8220;Extraradi&#8221; de COMR\u00e0dio<\/a><\/p>\n","protected":false},"excerpt":{"rendered":"<p>En aquesta p\u00e0gina trobar\u00e0s alguns v\u00eddeos per con\u00e8ixer millor el Teb: Qu\u00e8 \u00e9s el Teb? [stream provider=video flv=x:\/joves.colectic.coop\/wp-content\/blogs.dir\/1\/files\/2011\/11\/video_teb.flv img=x:\/joves.colectic.coop\/wp-content\/blogs.dir\/1\/files\/2011\/11\/tele_tebtv_16_9.jpg embed=false share=false width=540 height=298 dock=true controlbar=over bandwidth=high autostart=false \/] Parlen del Teb i del projecte \u00cdtaka a BTV: [stream flv=x:\/mediateca.ravalnet.org\/jovesteb\/files\/2012\/07\/ITACA.flv img=x:\/mediateca.ravalnet.org\/jovesteb\/files\/2012\/02\/logotebvideoblanc_4x3.jpg &hellip; <a href=\"https:\/\/joves.colectic.coop\/20aniversari\/multimedia\/\">Continua llegint <span class=\"meta-nav\">&rarr;<\/span><\/a><\/p>\n","protected":false},"author":1,"featured_media":0,"parent":0,"menu_order":4,"comment_status":"closed","ping_status":"closed","template":"","meta":{"footnotes":""},"class_list":["post-126","page","type-page","status-publish","hentry"],"_links":{"self":[{"href":"https:\/\/joves.colectic.coop\/20aniversari\/wp-json\/wp\/v2\/pages\/126","targetHints":{"allow":["GET"]}}],"collection":[{"href":"https:\/\/joves.colectic.coop\/20aniversari\/wp-json\/wp\/v2\/pages"}],"about":[{"href":"https:\/\/joves.colectic.coop\/20aniversari\/wp-json\/wp\/v2\/types\/page"}],"author":[{"embeddable":true,"href":"https:\/\/joves.colectic.coop\/20aniversari\/wp-json\/wp\/v2\/users\/1"}],"replies":[{"embeddable":true,"href":"https:\/\/joves.colectic.coop\/20aniversari\/wp-json\/wp\/v2\/comments?post=126"}],"version-history":[{"count":107,"href":"https:\/\/joves.colectic.coop\/20aniversari\/wp-json\/wp\/v2\/pages\/126\/revisions"}],"predecessor-version":[{"id":203,"href":"https:\/\/joves.colectic.coop\/20aniversari\/wp-json\/wp\/v2\/pages\/126\/revisions\/203"}],"wp:attachment":[{"href":"https:\/\/joves.colectic.coop\/20aniversari\/wp-json\/wp\/v2\/media?parent=126"}],"curies":[{"name":"wp","href":"https:\/\/api.w.org\/{rel}","templated":true}]}}